 z and 19.
19
Let c(b) = -38*b + 82. Let p be c(2). Calculate the greatest common divisor of p and 630.
6
Let o be ((1 - 21)/(-2))/((-1)/(-16)). What is the greatest common divisor of o and 5?
5
Let x(q) = -45*q + 139. Let g be x(3). What is the highest common divisor of 5 and g?
1
Let m(d) = d**3 + 20 - 4*d**2 - 64 + d + 34. Let i be m(5). Calculate the greatest common factor of i and 10.
10
Let g(o) = -o**3 + 27*o**2 - 27*o + 35. Let k be (0 + 13)/((-13)/(-26)). Let n be g(k). Calculate the highest common factor of n and 15.
3
Suppose 942 + 5610 = 21*z. What is the greatest common factor of 130 and z?
26
Let b be 222/12 + 45/18. Let l(s) = -s**3 - 4*s**2 + 8*s - 3. Let o be l(-6). What is the highest common factor of o and b?
21
Suppose 0 = -4*n + 2*b - 16, n + 3*b - 5*b + 1 = 0. Let y be 4328/20 + n/(50/(-6)). Calculate the highest common factor of 31 and y.
31
Let v = 22 - 18. Suppose 8*q = v*q + 176. Calculate the greatest common divisor of q and 4.
4
Let d be 4 + 3 + -3 - -3. Suppose 26 = b + 3*f, -d*b + 3*b - f = -49. What is the highest common divisor of b and 88?
11
Suppose 0 = -3*d + d + s + 4, -5*d - 5*s + 25 = 0. Suppose d*f + 94 = 256. Let a be (2/(-6))/(1/36*-2). Calculate the highest common factor of a and f.
6
Suppose 8672 + 18203 = 125*u. What is the greatest common divisor of u and 5?
5
Suppose 4*a = 4, -2*i + 114 = 2*i + 2*a. Let t be 207 + 5 + (-2)/1. Suppose -9*n + 4*n + t = 0. Calculate the highest common factor of n and i.
14
Suppose -2992 = -201*t + 167*t. What is the highest common factor of 136 and t?
8
Suppose 5*b - x = 11656, 0 = 5*b + 72*x - 68*x - 11676. Calculate the highest common factor of 44 and b.
44
Let b = -552 + 567. Calculate the highest common factor of b and 375.
15
Let h = -523 - -603. Calculate the highest common factor of h and 90.
10
Let n = -95 + 863. What is the highest common factor of 72 and n?
24
Suppose -5*v - 2*a + 460 = -4*a, 0 = 2*v + 2*a - 170. Let w be 40/(-180) - (-290)/9 - -4. What is the greatest common factor of v and w?
18
Let b = -94 + 127. Suppose -5*j = 2*t - 28, -j - b = -3*t - 4*j. Suppose -4*p + 232 = 52. What is the highest common divisor of t and p?
9
Let s = 626 - 610. Suppose x = 2*x - 112. Calculate the highest common divisor of x and s.
16
Let g be (-10)/(-3)*(-9)/(-6). Suppose 0*n + 5*m - 955 = -g*n, m = -5. What is the highest common divisor of 28 and n?
28
Suppose 162 = 7*o - 4*o. Suppose 90*f - 243 = 87*f. Calculate the highest common divisor of f and o.
27
Let v be (-7)/((-70)/(-40))*-4. Calculate the highest common divisor of v and 512.
16
Let h(w) = -2*w + 18. Let y(d) = -2*d**2 + 5*d. Let c be y(4). Let l be h(c). Calculate the greatest common divisor of 105 and l.
21
Suppose 4*j + z = 1220, -3*j = 6*z - 10*z - 896. Calculate the greatest common factor of j and 57.
19
Let g(f) = -3*f - 5. Let l be g(-4). Let s be 132/36*(20 - -1). Calculate the highest common divisor of s and l.
7
Suppose -19*d - 23 = -2*z - 22*d, 5*d - 17 = 2*z. Calculate the highest common divisor of z and 20.
4
Let z(d) be the first derivative of -14*d**2 - d - 3. Let o be z(-7). Let h = o + -115. Calculate the greatest common factor of h and 10.
10
Let q be (170/136)/((-1)/(-48)). What is the greatest common factor of q and 708?
12
Let t = 78 + -46. Let r = -141 - -143. Calculate the highest common divisor of t and r.
2
Let v(q) be the first derivative of 4*q**3/3 - 7*q**2/2 + q - 13. Let a be v(3). What is the highest common divisor of a and 128?
16
Let h(q) = 5*q**2 + 10*q - 17. Let d be h(3). Calculate the greatest common factor of d and 174.
58
Let l be 2/(-8)*6 - 5169/(-6). What is the highest common factor of 60 and l?
20
Suppose -4*x - 13 = -5*w + 12, -3*w - 12 = 3*x. Calculate the greatest common factor of w and 32.
1
Let v = -569 + 626. What is the greatest common divisor of v and 6?
3
Suppose q + 3 = 2*q. Calculate the greatest common divisor of q and 6.
3
Suppose 8*u - 1656 = 1720. Suppose 71 - u = -3*v. Suppose -2*o + 55 = 5*f, 70 = 5*f - o - 0*o. Calculate the greatest common factor of f and v.
13
Let o = 694 - 622. What is the highest common divisor of 9 and o?
9
Suppose 896 = 2*d + 756. Suppose 0*b - 3*c = b - 20, 10 = b + 5*c. What is the greatest common divisor of d and b?
35
Let w(z) be the first derivative of z**4/4 - z**3 - z**2/2 + 7*z + 18. Let h be w(3). What is the greatest common factor of 36 and h?
4
Suppose 7*y - 2*y + 3 = c, 4*y - 12 = 2*c. Let k(x) = -5*x - 18 + 5*x - x**2 - 14*x. Let p be k(c). What is the highest common divisor of p and 3?
3
Suppose -5*b + 2*n = -0*n - 1627, 0 = -n - 1. Calculate the greatest common divisor of 25 and b.
25
Let r be (9/2)/((-6)/120*-10). Let h(p) = p**3 - 2*p**2 - 2*p + 3. Let y be h(4). Calculate the greatest common divisor of r and y.
9
Let k(w) = 2*w**2. Let y be k(-2). Suppose 5*n = y + 17. Let l = -8 - -10. Calculate the greatest common divisor of l and n.
1
Suppose -2*s + 1824 = 4*a, -2*a + 896 = -0*a - 3*s. Calculate the highest common divisor of 1 and a.
1
Suppose 53*q - 51*q = 44. What is the greatest common divisor of q and 10?
2
Suppose 0 = -5*f - 2*g - 0*g + 110, 5*g = -4*f + 105. Suppose f*u = 15*u + 120. What is the greatest common factor of 60 and u?
12
Suppose 21 = -2*r + 1. Let k be (-1328)/r + 17/85. Calculate the greatest common divisor of k and 19.
19
Let a be 2/(-18) + (550/(-45))/(-2). What is the greatest common factor of a and 50?
2
Suppose -3*i - 20 = 5*p, 0*i + 44 = -5*i - 3*p. Let w be 5/i - (-459)/6. Calculate the greatest common factor of 190 and w.
38
Suppose -o - 234 = -4*r + 32, 3*o = -4*r + 258. What is the greatest common divisor of 108 and r?
6
Let v = 368 + -365. What is the greatest common factor of v and 96?
3
Let n(j) = 2*j**2 - 2*j - 7. Let i be n(5). Let g = 67 + 296. Calculate the greatest common factor of i and g.
33
Suppose 2*w - 325 + 39 = 0. Suppose 0*a = a - 13. What is the greatest common factor of w and a?
13
Suppose 1248*f + 24 = 1254*f. Calculate the highest common divisor of 120 and f.
4
Suppose -v + 4 - 2 = 0. Suppose -t - 4*w + 12 = -2*t, 2*t + 6 = v*w. Suppose t*o - 7*o = -189. What is the highest common factor of o and 18?
9
Let d(q) = 2*q + 10. Let w be d(6). Suppose 2*b + 6 = -2*v, b - 2*v - w = 2*v. Calculate the highest common factor of 6 and b.
2
Let c be ((-5928)/7)/(-12) - 4/7. Let p(h) = h + 105. Let b be p(0). What is the greatest common factor of b and c?
35
Suppose 3*c - 4*n - 432 - 39 = 0, 5*n = -3*c + 471. Suppose -5*b + 68 + c = 0. Let h be (1 - (-14)/4)*2. Calculate the greatest common factor of b and h.
9
Suppose 5*i = -2*m + 28, -2*i - 2*i = -4*m. Suppose -2*d + i*d - 28 = 0. Let j(y) = -8*y. Let h be j(-7). What is the highest common divisor of h and d?
14
Suppose 3*o - 699 = c, 2 = -c - 1. Let s = 12783 + -12754. Calculate the highest common divisor of s and o.
29
Suppose -1683 - 6509 = -8*j. What is the greatest common divisor of j and 48?
16
Let y = 187 - 67. Let w = -75 + y. Suppose -5*k = -48 - 42. What is the greatest common divisor of w and k?
9
Let l(k) = k**2 - 8*k + 9. Let n(m) = -2*m**2 + 17*m - 17. Let v(x) = 5*l(x) + 2*n(x). Let a be v(4). What is the highest common factor of a and 27?
3
Let i = -41 + 153. Suppose 0 = 2*b - 6*b - 5*h + 32, 3*h - 18 = -2*b. Let o be (-8)/((-5)/30*b). What is the highest common divisor of i and o?
16
Suppose -f + 5*f + 240 = 0. Let u be (12/(-10))/(3/f). Suppose 4*i - 4*a = -3*a + u, 8 = -2*a. What is the greatest common divisor of i and 25?
5
Let p = 17 - 14. Suppose -69 = -p*s - 3*j + 5*j, -5*s - 4*j = -93. Let h be (-2)/(-2) + 8 + s. What is the greatest common divisor of 6 and h?
6
Suppose -8*u + 18 = -5*u. Suppose 456 = u*o + 13*o. Calculate the highest common divisor of o and 264.
24
Suppose -270 + 54 = -18*h. What is the highest common divisor of h and 84?
12
Let z be 1 - (-13*1 - 0). Let v(m) = 11*m**3 - 3*m**2 - 4*m + 4. Let d be v(-2). Let h be d/1*133/(-76). Calculate the highest common factor of z and h.
14
Suppose -b + 5*g = 14, 4*b - 2*g = 7*b + 8. Let s be (10/b)/(40/(-32)). What is the greatest common divisor of 16 and s?
2
Let r(h) = -h**2 + 3*h + 9. Let z be r(4). Suppose 80 = 4*d + 3*f + 26, 2*d - 20 = -z*f. Let q = 16 - d. What is the greatest common divisor of 1 and q?
1
Let k = 456 - 416